 base 12, what is b12 - -5?
b17
In base 16, what is a + 0?
a
In base 5, what is 3 - -133014?
133022
In base 15, what is -67 + -5?
-6c
In base 13, what is -527 - -3?
-524
In base 16, what is 5 - -47?
4c
In base 8, what is 1 - 574?
-573
In base 3, what is -10 - 100020?
-100100
In base 12, what is 3 - b1?
-aa
In base 10, what is -8 - 78?
-86
In base 3, what is -111 - -1100?
212
In base 3, what is -112101 + 2?
-112022
In base 9, what is -4 + 26?
22
In base 7, what is 1 - -130?
131
In base 5, what is -1 + -13?
-14
In base 12, what is 23 + 383?
3a6
In base 4, what is -20001 - 11?
-20012
In base 9, what is -58 - -82?
23
In base 7, what is 5 - -12061?
12066
In base 13, what is 5 + -282?
-27a
In base 8, what is 4 + -665?
-661
In base 5, what is 0 - -102103?
102103
In base 5, what is 4 - 2421?
-2412
In base 4, what is -22 - 32?
-120
In base 7, what is -3315 - 0?
-3315
In base 15, what is 74 - 0?
74
In base 15, what is 0 - a8?
-a8
In base 11, what is 3 + 34?
37
In base 6, what is -15 - -5?
-10
In base 11, what is 42 + -4?
39
In base 8, what is -3 + -611?
-614
In base 16, what is 5 - 12c?
-127
In base 13, what is 8 + -38?
-30
In base 4, what is 13 + -103?
-30
In base 7, what is 26 - 12?
14
In base 6, what is -2521 - 53?
-3014
In base 16, what is 41 - 12?
2f
In base 9, what is 4 - -10664?
10668
In base 11, what is -6 - -1a7?
1a1
In base 5, what is 2 + 10434?
10441
In base 10, what is 50 - 65?
-15
In base 16, what is 1 + 1d8?
1d9
In base 11, what is -223 + 11?
-212
In base 14, what is 7608 + 5?
760d
In base 5, what is 4114 - 1?
4113
In base 6, what is -144 - -45?
-55
In base 9, what is -3 - -5?
2
In base 5, what is 221 - -2?
223
In base 5, what is 21 + 224?
300
In base 11, what is 836 + 2?
838
In base 13, what is 1 - -353?
354
In base 11, what is -10 - -4?
-7
In base 13, what is -446 + -1?
-447
In base 16, what is -e - -92?
84
In base 2, what is -10 + 110111101100?
110111101010
In base 9, what is -1 + 541?
540
In base 9, what is -5 + -3340?
-3345
In base 10, what is 1 + 5084?
5085
In base 12, what is -6502 - 2?
-6504
In base 8, what is 0 + 3?
3
In base 2, what is 10111 + -101?
10010
In base 12, what is 6 + 332?
338
In base 9, what is -38 + -57?
-106
In base 6, what is -4 + 3520?
3512
In base 5, what is 142 - 1442?
-1300
In base 6, what is 3 + -253?
-250
In base 11, what is -30 + -6?
-36
In base 6, what is -25321 + -3?
-25324
In base 13, what is 1 + -534?
-533
In base 9, what is 3566 - -5?
3572
In base 5, what is -2 - 22041?
-22043
In base 6, what is 0 + 20?
20
In base 8, what is -121 - -20?
-101
In base 7, what is 4 + 2033?
2040
In base 5, what is 103024 - -2?
103031
In base 3, what is 10210000 + -11?
10202212
In base 12, what is -691 + -5?
-696
In base 14, what is -4 + -54?
-58
In base 10, what is 180 - 66?
114
In base 14, what is -22b7 - -4?
-22b3
In base 16, what is b + -2d?
-22
In base 2, what is 1001010111111 - -11?
1001011000010
In base 11, what is 6 + -29?
-23
In base 12, what is a37 - -4?
a3b
In base 9, what is 28 - 72?
-43
In base 12, what is 1944 + 2?
1946
In base 2, what is 11 + -1101110?
-1101011
In base 11, what is a5 - 9?
97
In base 14, what is 3a + 27?
63
In base 9, what is -412 - 3?
-415
In base 9, what is 5 + -445?
-440
In base 11, what is 2 + 22?
24
In base 6, what is 4 - 33?
-25
In base 4, what is -231102 - -10?
-231032
In base 5, what is -32 + -1312?
-1344
In base 6, what is 3 - 3243?
-3240
In base 2, what is -101 + -100100010?
-100100111
In base 4, what is 1333 + -200?
1133
In base 12, what is 55 - -2b?
84
In base 6, what is 3 - -10?
13
In base 5, what is 20 + 11?
31
In base 11, what is -1 + 5?
4
In base 5, what is -11210 + 3?
-11202
In base 15, what is 10b - 4?
107
In base 9, what is 1 + -1047?
-1046
In base 2, what is 1001110 + -10100?
111010
In base 8, what is -4 - -2557?
2553
In base 5, what is -11213 + 4?
-11204
In base 4, what is 1 - 2302?
-2301
In base 3, what is -12012 + 2?
-12010
In base 3, what is 11 - -1110?
1121
In base 5, what is 1313 + 4?
1322
In base 15, what is 1 - -2e?
30
In base 2, what is -110110110 - 0?
-110110110
In base 15, what is 3 + -16d?
-16a
In base 7, what is -5 - -166?
161
In base 11, what is -273 + 4?
-26a
In base 3, what is -2220021 - -12?
-2220002
In base 14, what is 107 - -4?
10b
In base 12, what is 3 + 56?
59
In base 2, what is -11110110 + -100?
-11111010
In base 7, what is -13133 + -4?
-13140
In base 2, what is 101111011011 - -10?
101111011101
In base 5, what is 14 - -110300?
110314
In base 14, what is 88 - -4?
8c
In base 7, what is -4 + -50?
-54
In base 6, what is 0 + 453?
453
In base 6, what is 35152 + -3?
35145
In base 10, what is 5 - 227?
-222
In base 2, what is -1000110 - 11?
-1001001
In base 9, what is 5 + 21?
26
In base 10, what is 173 + -3?
170
In base 12, what is 3 - -347?
34a
In base 2, what is -11 + 1001101010?
1001100111
In base 4, what is 1111111 + -10?
1111101
In base 3, what is 20 - 1202?
-1112
In base 5, what is -14 - 1?
-20
In base 10, what is -219 - -5?
-214
In base 11, what is -2 - -3?
1
In base 2, what is 10 + -1110000010010?
-1110000010000
In base 15, what is 26 + 5b?
82
In base 7, what is 156 - 0?
156
In base 16, what is 2 + 18?
1a
In base 16, what is -e7 + -f?
-f6
In base 16, what is -4 + 18?
14
In base 6, what is 1200 + -2?
1154
In base 13, what is -127 + 39?
-bb
In base 3, what is 1 - 1122010?
-1122002
In base 9, what is -28 - 2?
-31
In base 16, what is 11b + -57?
c4
In base 10, what is -57 - 0?
-57
In base 13, what is 33 + 9?
3c
In base 12, what is -2 - -7?
5
In base 5, what is -31433 + -3?
-31441
In base 3, what is -12 + 102?
20
In base 7, what is -6201 - -3?
-6165
In base 10, what is 0 - -50?
50
In base 5, what is -3 - -33?
30
In base 7, what is -6 - 5?
-14
In base 16, what is 18a1 - 4?
189d
In base 11, what is 21 + 4a2?
513
In base 12, what is 0 - 6a?
-6a
In base 14, what is -4 - -2b?
27
In base 13, what is -2 - 368?
-36a
In base 14, what is 26c - 1?
26b
In base 16, what is -22d0 - -4?
-22cc
In base 14, what is 3 - d36?
-d33
In base 2, what is 1 - 100010001101?
-100010001100
In base 4, what is -11 - -1303?
1232
In base 15, what is a5 + -b?
99
In base 5, what is -114 - -3?
-111
In base 12, what is 266 - 3?
263
In base 15, what is 4 - -b?
10
In base 16, what is 157 - 2?
155
In base 4, what is -1020 - 111?
-1131
In base 7, what is -56 + 2?
-54
In base 16, what is 3f - -2?
41
In base 15, what is 2 - 9?
-7
In base 8, what is -5 + 236?
231
In base 16, what is -3e - -3?
-3b
In base 9, what is 364 + -6?
357
In base 9, what is -5 + -2?
-7
In base 5, what is 1020 - -23?
1043
In base 8, what is 51652 - -2?
51654
In base 13, what is -147 - 0?
-147
In base 13, what is -1 - 4b4?
-4b5
In base 10, what is -2 - 368?
-370
In base 14, what is -c + -11?
-1d
In base 9, what is -4541 + 3?
-4537
In base 8, what is 133 + -10?
123
In base 2, what is 10110000111 + -11?
10110000100
In base 8, what is 0 + 42?
42
In base 12, what is -17 - 159?
-174
In base 10, what is 1239 - -3?
1242
In base 12, what is -5 + -14?
-19
In base 8, what is -3 + -64?
-67
In base 13, what is 5 + 39?
41
In base 16, what is 0 - -98?
98
In base 15, what is 4 - a7?
-a3
In base 9, what is 50 - -422?
472
In base 3, what is 10010 - 20221?
-10211
In base 16, what is -5 + -219?
-21e
In base 16, what is -2d + 5?
-28
In base 16, what is -5 - 47?
-4c
In base 10, what is -3 + -7?
-10
In base 9, what is -12 - 52?
-64
In base 16, what is 22 - 85?
-63
In base 8, what is 0 + 14726?
14726
In base 12, what is 36b0 - 4?
36a8
In base 13, what is -3 - -328?
325
In base 11, what is 4 + -a9?
-a5
In base 11, what is 35 + 5?
3a
In base 5, what is 200 - 24?
121
In base 13, what is -bc96 - -5?
-bc91
In base 15, what is b + 1?
c
In base 10, what is 5 + -255?
-250
In base 5, what is 12104 + -3?
12101
In base 6, what is 3 + -121?
-114
In base 10, what is 12 + 0?
12
In base 5, what is 1 - -334?
340
In base 12, what is 175 - 1?
174
In base 4, what is -121 - -100?
-21
In base 4, what is 33 + 10?
103
In base 2, what is 111 + 1000?
1111
In base 10, what is 326 + -24?
302
In base 6, what is 5 - -5343?
5352
In base 5, what is 312 + -2?
310
In base 5, what is -1 - -32?
31
In base 2, what is -10 - 110110?
-111000
In base 5, what is 11 + -33?
-22
In base 12, what is 0 + 85?
85
In base 2, what is 10000111 - -111?
10001110
In base 14, what is 0 + -4cb?
-4cb
In b